 units digit of j(v)?
4
Let z(j) = 2*j**3 - 3*j**2 - 18*j - 14. Let k be z(-2). Let y(u) = -54*u - 1. Let f be y(-2). Let a = f + k. What is the tens digit of a?
0
What is the tens digit of (-8914)/(-30) - 35/((-9975)/(-38))?
9
Let d = -151 - -153. What is the tens digit of (-25)/(d/22*(-13 - -12))?
7
Suppose 6*n + 0 = 30. Suppose -5*g + 36 = 4*y - g, 0 = -3*y + 5*g - n. Suppose 0 = -4*b - c + 84, -y*b = 2*c - 6*c - 105. What is the tens digit of b?
2
Let w be -1 + 31 + 0 + -2. Let v be (1/7)/(1/w*4). Suppose 0 = -4*t + 37 - v. What is the units digit of t?
9
Let u be 9/6 + (-7)/(-14). Suppose 688 = 2*d + u*d. Suppose -3*t + 3*f + 128 = 2*f, 4*t - d = f. What is the tens digit of t?
4
Suppose 2*i = -2*r + 96, 5*r - 16 = -4*i + 179. Suppose -64*a + 59*a + i = 0. Suppose 6*h = a*h - 321. What is the units digit of h?
7
Suppose -4279 - 7788 = -11*y. Suppose -y = -4*c + 5*b, -c - 4*b - 21 + 290 = 0. What is the units digit of c?
3
Suppose 172 = -p - 2*o - o, -3 = o. Let i = p - -298. Suppose -2*b + i - 3 = 0. What is the tens digit of b?
6
Suppose 5*m + 9601 - 82545 = 2*o, 58282 = 4*m - 26*o. What is the units digit of m?
0
Suppose -w = 5*i - 2*w - 1172, -3*w + 1164 = 5*i. Suppose -a = 2*a. Suppose 0 = 5*s + y - i, a = y + 9 - 8. What is the units digit of s?
7
Suppose 0*s - 11 = -s. Suppose 0 = -5*m + 15*o - 14*o + 1916, -4*m - 5*o + 1556 = 0. Suppose -s*f + m = -3*f. What is the units digit of f?
8
Let z = 17 + 35. Let v be (-5 + -5)*(-5 - -29*(-2)/(-10)). What is the tens digit of 2162/26 + v/z?
8
Let n(k) = -1473*k - 1938. What is the units digit of n(-6)?
0
Let k(x) = -16*x + 16. Let r be k(2). Let t = 40 + r. What is the tens digit of t?
2
Suppose -8880885 = 8*h - 263*h. What is the hundreds digit of h?
8
Let z(u) = -1317*u + 660. What is the tens digit of z(-6)?
6
Suppose 12*x + 82 + 110 = 0. What is the units digit of (-654)/x + 9/72?
1
Let o(n) = n**3 + 3*n**2 - 2*n + 3. Let f be o(-5). Let w = -41 - f. What is the hundreds digit of 8/6*(-474)/w?
1
Let o = -17 + 17. Let z be 205/5 - (o - -1). Suppose -z - 26 = -2*f. What is the units digit of f?
3
Let o(p) = -p**2 + 8*p + 9. Let n be o(8). Suppose 0 = 12*v - n*v. Suppose v = 5*b - 165 - 90. What is the tens digit of b?
5
Suppose -2*c = 3*c - v - 1395, -4*v = 0. Let s = c + 227. Suppose 38 = -3*f + s. What is the hundreds digit of f?
1
Let h(b) = 8*b + 2. Suppose -4 = w, -2*a - 8 = -8*w + 3*w. Let l be a/(-2 - 0) - (-4 + 1). What is the units digit of h(l)?
2
Let s(l) = -760*l**2 - l + 6. Let h(g) = 759*g**2 - 8. Let n(c) = -2*h(c) - 3*s(c). What is the tens digit of n(1)?
6
Let y = 9934 + -6074. What is the hundreds digit of 21/(-63) - (-2 - y/6)?
6
Suppose 0 = 56*w - 49*w - 23716. What is the tens digit of w?
8
Suppose -2*k - 3*k = -11*k. Suppose k = 5*c - 1732 + 387. What is the hundreds digit of c?
2
Let r(p) = -p**3 + 34*p**2 + 9*p - 703. What is the units digit of r(19)?
3
Let u = 25226 - -5185. What is the thousands digit of u?
0
Let a(i) = -21*i**3 + 4*i - 15. Let d be a(-4). Let c = d + -847. What is the hundreds digit of c?
4
Let t(z) = 7*z - 87. Let p(m) = 4*m + 6*m - 2*m + m - 86. Let u(o) = 2*p(o) - 3*t(o). What is the hundreds digit of u(-28)?
1
Let j = -24 - -32. Let a(r) = -10 - 5*r - 8*r**2 + r**3 + 17*r + r. What is the tens digit of a(j)?
9
Suppose 3*s - 25 = v, 0 = 8*s - 4*s - v - 34. Let h(d) = 7*d**2 + 4*d - 52. What is the hundreds digit of h(s)?
5
Let k = 27 - 22. Let h(b) = -b**3 + 6*b**2 + 5*b + 11. Let w be h(k). Suppose -3*u = -239 - w. What is the tens digit of u?
0
Suppose -m + 98 + 79 = 0. Let o = m - 93. Suppose o = 5*d + d. What is the units digit of d?
4
Let a = -1067 + 1591. Let m = -72 + a. What is the units digit of m?
2
Suppose 336*k - 358*k = -486882. What is the ten thousands digit of k?
2
Suppose 0 = 3*o - 4*d + 74 + 248, 2*o + 207 = -5*d. Let a be ((-3)/(-2))/((-1)/o). Let w = a + -49. What is the units digit of w?
0
Let n be (19 - 4)*(4 - (-305)/15). Let c = n + 213. What is the hundreds digit of c?
5
Let h = -39 - -43. Suppose -h*v = q - 3 - 58, -34 = -v - 4*q. Let x(n) = 3*n**2 - 32*n + 26. What is the hundreds digit of x(v)?
1
Let i = 9552 - 6081. What is the thousands digit of i?
3
Suppose 11*n + 2580 = n. Let b = 287 + n. What is the tens digit of b?
2
Let r(x) = 1004*x**3 - 4*x**2 + 67*x - 182. What is the tens digit of r(3)?
9
Let l = -6867 - -13379. What is the hundreds digit of l?
5
Suppose 3*m - 32 = -5*m. Suppose m*q + 6*r = r + 347, 2*q = -2*r + 172. What is the tens digit of q?
8
Suppose 3*t - 95 = 4*o + 543, 0 = t + 3*o - 217. What is the tens digit of t*-4*6/(-16)?
2
Let a = 22322 - 7358. What is the thousands digit of a?
4
Let q(h) = -2*h**3 + 25*h**2 - 29*h + 12. Let y(v) = v**3 - 12*v**2 + 14*v - 6. Let a(m) = 2*q(m) + 5*y(m). What is the units digit of a(11)?
7
Suppose -11*y = 9*y - 18580. Let k = y - 765. What is the hundreds digit of k?
1
Let n be (-554)/(-3) + -10*(-2)/15. Let h = 238 - n. What is the tens digit of h?
5
Suppose 18*h + 3344 = -14*h + 54*h. What is the hundreds digit of h?
1
Let z(o) = 9644*o**2 + 10*o + 12. What is the units digit of z(-1)?
6
Let a = -7112 + 12898. What is the thousands digit of a?
5
Suppose -m + 4*x - 16 = 0, -3*m + x + 3 + 4 = 0. Suppose 405 = m*r - 3*r. What is the tens digit of r?
0
Let u(q) = -q**2 - 4*q + 21. Let b be u(-7). Suppose b = -6*v + 400 + 554. What is the hundreds digit of v?
1
Suppose 51*t + 4 = 52*t. What is the tens digit of (2698/(-19))/(t/(-6))?
1
Suppose -2*z - 3*p - 20 = -3*z, 0 = -4*z + 3*p + 116. Let b(a) = -32*a**2 - 23*a - 6. Let i be b(-10). What is the tens digit of i/(-14) - z/56?
1
Let d = 134 + -128. Suppose 0 = d*w - 3985 + 1177. What is the tens digit of w?
6
Suppose -6*z = -14 - 10. Suppose -8*v + 11*v - 2*i = 1912, 0 = z*v - 3*i - 2549. What is the hundreds digit of v?
6
Let j = -4000 - -4005. Let f(m) = -m**2 - m. Let u be f(-1). Suppose -364 = -3*n + 2*x, 0 = -u*n + 2*n - j*x - 239. What is the hundreds digit of n?
1
Let w(s) = -50*s - 22. Suppose -101 = -0*d - d. Let i = d + -106. What is the tens digit of w(i)?
2
Let h be (-449)/((25/5)/(-10)). Suppose -7*c + h = -40. Let i = c + 19. What is the hundreds digit of i?
1
Let w(m) = 193*m**2 - 325*m + 41. What is the thousands digit of w(18)?
6
Let m(r) = -r**3 + 2*r**2 + 4*r + 17. Let x be m(-11). Let k = x + -997. What is the hundreds digit of k?
5
Suppose -587*m = -621*m + 414494. What is the units digit of m?
1
Let y = -471 - -689. Suppose -l - 183 = 2*s, -5*s + l - 465 = -4*l. Let r = y + s. What is the tens digit of r?
2
Let y = 55899 + -32721. What is the units digit of y?
8
Suppose 7*r - 29*r = -13*r. What is the tens digit of 184 - (r - (6 + -9))?
8
Suppose 69426 = 6*g - 5*q, -40*q + 57824 = 5*g - 39*q. What is the units digit of g?
6
Suppose -7*r + 71885 = -87834. What is the tens digit of r?
1
What is the units digit of (3*(-3)/(-54)*326)/((-12)/(-1512))?
6
Let d = 38 + -34. Let g = 52 - 51. Suppose -d*a + 33 = 3*v + a, -v - 5*a + g = 0. What is the tens digit of v?
1
Suppose 3*n - 25593 = -5*r, 0 = 5*n + 4*r - 62718 + 20050. What is the units digit of n?
6
Let v = 263 - 30. Let i = v + -17. Suppose -10*z + 12*z = i. What is the tens digit of z?
0
Suppose -36*b - 11*b + 57058 = -0*b. What is the hundreds digit of b?
2
Let q(l) = 1421*l**2 - 144*l - 419. What is the ten thousands digit of q(-3)?
1
What is the ten thousands digit of 2*((-488360)/(-14) - (-1)/7)?
6
What is the thousands digit of (-10)/45*(-42678)/4?
2
Let i(y) = 2*y - 8 + 23 - 5. Let a be i(-3). Suppose -5*z - 9 = 2*t - 4, 3*z - a*t = 23. What is the units digit of z?
1
Suppose -2*y - 2*a + 42638 = 0, 8*a - 98 + 50 = 0. What is the tens digit of y?
1
Suppose -6 = -4*h + h. Suppose 2*k - 12 = 3*j - 5*j, 18 = 4*k + h*j. Suppose k*b - 5*b = -74. What is the tens digit of b?
3
Suppose 5*h - 7 + 12 = 0. Let b be (-1382)/4 - (6 + 66/(-12)). What is the hundreds digit of h*b/6*3?
1
Let j = -51 - -48. What is the units digit of (-356)/8*2*(j + -2)?
5
Suppose n + 35 = -6*n. What is the hundreds digit of (1/n + 1012/(-20))*-5?
2
Suppose 71*i - 66*i + 5*a = 29030, -5*i + 5*a + 28980 = 0. What is the thousands digit of i?
5
Suppose 2236200 = 53*w + 47*w. What is the ten thousands digit of w?
2
Let a(f) be the second derivative of -f**3/2 -